 divided by 11.
10
Let f be -18*(-5)/(-15)*-22. Let i = 18 + 29. What is the remainder when (-12304)/(-88) + 24/f is divided by i?
46
Let w = -1929 + 1977. What is the remainder when 233 is divided by w?
41
Suppose 2*u = -u + 813. What is the remainder when u is divided by -35 + (-736)/192*-18?
33
Suppose -5*a = -5*x - 2*a, x - a = -2. Suppose 21 = 4*d - 0*o - x*o, 5*d = -2*o + 32. Calculate the remainder when 87 is divided by d.
3
Suppose -301*q = -307*q + 84. What is the remainder when q is divided by 1/2 + ((-7)/(-2) - -1)?
4
Suppose 129*a - 317*a + 7770 = -151*a. What is the remainder when 705 is divided by a?
75
Suppose 0 = 3*w + 3*x + 776 + 469, 3*w - 4*x = -1280. Let z be (w/(-90))/(2/(-27)). Calculate the remainder when 6/(-12) + z/(-2) + 0 is divided by 9.
4
Let v(u) = u**3 + 6*u**2 - 4*u + 29. Suppose -13*d - 2 = -g - 10*d, d + 31 = -4*g. Calculate the remainder when 141 is divided by v(g).
5
Suppose 3965 - 965 = 120*x. What is the remainder when 822 is divided by x?
22
Suppose 22*f - 27*f + 319 = 6*x, x + 5*f = 24. What is the remainder when x is divided by 4?
3
Suppose u - 25 = 2*o, -3*u - 24 = -5*o - 96. Suppose 13*y + u - 227 = 0. Calculate the remainder when 79 is divided by y.
15
Let j(s) = s**3 - 28*s**2 + 53*s + 89. Calculate the remainder when 687 is divided by j(26).
112
Let q = -650 - -807. Calculate the remainder when q is divided by 1.
0
Let w be (-4)/(36/1465) - 4/18. Let p = 172 + w. What is the remainder when p is divided by 6?
3
Let f(s) = 3*s**2 - 292*s - 179. Let u = -5 + 34. Calculate the remainder when u is divided by f(98).
12
Suppose -179*j + 2434 = -169*j + 444. What is the remainder when 748 is divided by j?
151
Let a(m) = -2*m**3 - 2*m**2 + m - 1. Let n be a(-2). Suppose 5*t - s = 285, -13*s + 18*s - 285 = -n*t. Calculate the remainder when t is divided by 15.
12
Suppose -7*x - 583 + 835 = 0. Let d be (15/6)/(2/4). Suppose 52 = -k + d*k. Calculate the remainder when x is divided by k.
10
Let l be (-9 + 1)*-10*(-6)/60. Let m = 11 - -6. Calculate the remainder when (-545)/(-20) - (-2)/l is divided by m.
10
Suppose -2*q - 189 = 3*f, 0 = q - 0*f + 5*f + 105. Let z = q + 120. What is the remainder when 177 is divided by z?
27
Let j(q) = -q + 28. Calculate the remainder when 208 is divided by j(17).
10
Suppose -3*g - 2*g = -50. Suppose 726 = g*s + s. What is the remainder when s is divided by 35?
31
Suppose 4*s = 4*k + 136, -154 = -5*s - 9*k + 10*k. What is the remainder when 597 is divided by s?
27
Let c = 36 - 34. Suppose 0 = 7*r - 3*r - 5*b - c, 3*b = 3*r - 3. Suppose -x = -r*x - 2*i + 2, -2*x = 4*i + 2. Calculate the remainder when 15 is divided by x.
0
Let c(p) = 2*p**3 + p + 2. Calculate the remainder when (-28)/(476/(-153)) - (-120 + 2) is divided by c(2).
7
Let m be (-5)/((18/36)/((-2)/4)). Suppose -49 = -m*q + 66. Let a = 7 - -1. Calculate the remainder when q is divided by a.
7
Let y(p) = -2*p**3 - 49*p**2 + 23*p + 44. Let q = 1 - -1. Suppose 0 = 2*i - 62 - q. Calculate the remainder when y(-25) is divided by i.
30
Let w(g) = -g**3 + 9*g**2 + 11*g + 2. Let m be w(10). Suppose 22 = 5*p + m. Suppose p*h - 21*h = -171. Calculate the remainder when 69 is divided by h.
6
Let c(v) = 176*v - 200. Let f be c(-10). Let j = f - -2110. Suppose 4*b = 3*y + 37 + 106, 5*y = 3*b - 99. Calculate the remainder when j is divided by b.
36
Let y = 1803 + 2648. Calculate the remainder when y is divided by 21.
20
Let v(n) be the second derivative of 1/2*n**3 + 2*n**2 + 16*n + 3/20*n**5 - 1/4*n**4 + 0. Calculate the remainder when 84 is divided by v(2).
18
Suppose 2 + 8 = 5*y. Let g(n) = 46 + 21*n**2 - 10*n**y - 10*n**2 - 17*n. Calculate the remainder when g(14) is divided by 3.
1
Suppose -14*i - 5*i = 0. Suppose i = -5*l - 25, -2*h + 3*l = -0*h - 141. What is the remainder when 179 is divided by h?
53
Let t = 167 + -142. Suppose 0 = -5*p + 5, 0 = -2*s - p + t + 6. What is the remainder when s is divided by 2?
1
Let f(x) = -19*x + 21*x + 89770 - 11*x**2 - 89675 - x**3 + 29*x - 2*x**2. Calculate the remainder when 478 is divided by f(-15).
78
Suppose -3*b - 1422 = -4*u, 0 = -u - 5*b + 216 + 151. Calculate the remainder when 6051 is divided by u.
339
Suppose 0 = 27*r - 47*r + 120. What is the remainder when 48*((-90)/27 + r) is divided by 45?
38
Suppose -11*m + 46 = 35. What is the remainder when -70*(m + 3 + -5) is divided by 13?
5
Let h = 55 - 27. Let l = h - 16. Suppose -c + l = -0. Calculate the remainder when 93 is divided by c.
9
Let m(z) = -z**3 + 17*z**2 + 6*z + 533. What is the remainder when m(17) is divided by 107?
100
Let u be 3*(3 + -4 + -1)/2. Let c be 12/4 - 2/u*-21. Let n = c + 19. Calculate the remainder when 15 is divided by n.
7
Suppose 89*k - 1980 = 99*k. What is the remainder when (0 + -2)*25/(225/k) is divided by 23?
21
Suppose 2*g - 16 = -4*n, 5*n - 4*g - 23 = -8*g. Suppose 0 = 4*d + 5*s - 8*s - 1838, n*d = -4*s + 1366. Calculate the remainder when d is divided by 17.
16
Let u = 45120 - 45107. Calculate the remainder when 13*7 - (4 - 2) is divided by u.
11
Suppose -s + 26280 = 4*d, -5*d = 6*s - 10*s - 32871. What is the remainder when d is divided by 62?
61
Suppose 87 = -k + 19. Suppose -2*p - 5*n + 312 = 0, 0*n + 292 = 2*p - 5*n. Let u = p + k. Calculate the remainder when u is divided by 17.
15
Suppose 17*p - 104865 = 10732 - 8888. Calculate the remainder when p is divided by 146.
145
Let l = -68 - -125. Suppose 4*m - l = 15. Suppose -3*d - 93 = -6*d. What is the remainder when d is divided by m?
13
Let a(z) = z**2 - 23*z + 81. What is the remainder when 1708 is divided by a(22)?
56
Suppose -1379 = -45*v - 74. Calculate the remainder when 31145 is divided by v.
28
What is the remainder when ((3805/10)/((-13)/26))/(3 - 4) is divided by 25?
11
Suppose 5*l - f = 231 - 985, 4*f - 298 = 2*l. Let d = l + 157. Calculate the remainder when d is divided by 5.
1
Suppose -5895 = -198*z + 29151. Let a(x) = 46*x - 1. Calculate the remainder when z is divided by a(1).
42
Let b = -7518 - -8023. What is the remainder when b is divided by 169?
167
Suppose -145*q = -131*q + 2156. Let m = -10 - q. Calculate the remainder when m is divided by 48.
0
Let p(n) = n**3 + 2*n**2 - 20*n - 16. Let d be p(6). Suppose -2*h + 5*r - d = -6*h, 2*r = -5*h + 173. What is the remainder when 358 is divided by h?
28
What is the remainder when (-50)/(12 - (-806)/(-65)) - -2 is divided by 39?
10
Suppose 0 = 12*t - 5*t + 259. Let r = t - -51. Calculate the remainder when 38 is divided by r.
10
Let m = 72 + -73. Calculate the remainder when 41 is divided by m - ((-1)/(-1))/((-1)/16).
11
Let p = 125 + -87. Let i = -4 - -11. Let n(z) = z**3 - 5*z**2 + 3*z - 8. What is the remainder when n(i) is divided by p?
35
Let w be 1/((84/(-20) + 4)*1). Calculate the remainder when 252 is divided by ((-7)/(7/w))/5 + 50.
48
Let z(h) = 3*h + 47. Let x(t) = -t**2 - 5*t + 7. Let k be x(-6). What is the remainder when z(-2) is divided by 21/((k - 4)/(-3))?
20
Let v(b) = 12*b + 137. Let h be v(-11). Suppose w = 2*g - 4*w - 37, -h*w = 3*g - 68. What is the remainder when 67 is divided by g?
4
Let k(a) = 208*a**2 - 108*a + 110. What is the remainder when k(1) is divided by 108?
102
Suppose 3*p - 83 = -5*q, -5*p + 2*q + 81 + 47 = 0. Let g = 42 - p. Let z = -6 + 13. What is the remainder when g is divided by z?
2
Suppose 0 = -3*z - 4*p + 663, 1636 = 5*z + 2*p + 531. Suppose -3*y = -z - 187. Calculate the remainder when y is divided by 39.
19
Let j(h) = -4*h**3 + 4*h**2 + 54*h + 201. Calculate the remainder when j(-4) is divided by 57.
20
Let c(m) = 10*m + 46. Let p(l) = 5*l + 24. Let o(q) = 3*c(q) - 5*p(q). What is the remainder when o(19) is divided by 38?
37
Let q(u) = 2*u - 81. Let v(b) = -2*b + 78. Let w(d) = -3*q(d) - 2*v(d). What is the remainder when 56 is divided by w(29)?
27
Suppose -5*w = -3*i + 53, i - 2*w - 31 = 3*w. Let b = i - 11. Suppose b = -5*a + 28 + 32. What is the remainder when 28 is divided by a?
4
What is the remainder when 8/(-12) + 412/6 is divided by 3*(25/3 + -5)?
8
What is the remainder when 209484/352 + 1/(-8) is divided by 120?
115
Let v(y) = 2*y**2 - 24*y - 184. Calculate the remainder when 130 is divided by v(18).
2
Suppose 3*o - 56463 = -26*o. What is the remainder when o is divided by 130?
127
Suppose -35619*r + 35609*r = -600. Su